{"id":362,"date":"2020-11-04T13:11:42","date_gmt":"2020-11-04T13:11:42","guid":{"rendered":"http:\/\/www.ens.math-info.univ-paris5.fr\/?page_id=362"},"modified":"2020-11-04T13:11:43","modified_gmt":"2020-11-04T13:11:43","slug":"drive","status":"publish","type":"page","link":"https:\/\/www.ens.math-info.univ-paris5.fr\/?page_id=362","title":{"rendered":"Drive"},"content":{"rendered":"\n<figure class=\"wp-block-image\"><img loading=\"lazy\" decoding=\"async\" width=\"151\" height=\"107\" src=\"http:\/\/www.ens.math-info.univ-paris5.fr\/wp-content\/uploads\/2020\/11\/nextcloud.png\" alt=\"\" class=\"wp-image-365\" srcset=\"https:\/\/www.ens.math-info.univ-paris5.fr\/wp-content\/uploads\/2020\/11\/nextcloud.png 151w, https:\/\/www.ens.math-info.univ-paris5.fr\/wp-content\/uploads\/2020\/11\/nextcloud-150x107.png 150w\" sizes=\"(max-width: 151px) 100vw, 151px\" \/><\/figure>\n\n\n\n<p><a rel=\"noreferrer noopener\" aria-label=\"https:\/\/drive.ens.math-info.univ-paris5.fr (s\u2019ouvre dans un nouvel onglet)\" href=\"https:\/\/drive.ens.math-info.univ-paris5.fr\" target=\"_blank\">https:\/\/drive.ens.math-info.univ-paris5.fr<\/a><\/p>\n\n\n\n<p><\/p>\n\n\n\n<p>Ce service vous permet un stockage en ligne de vos fichiers. Il permet un acc\u00e8s permanent \u00e0 ces fichiers depuis n\u2019importe quel appareil connect\u00e9 \u00e0 Internet. La synchronisation permet de travailler sur ses documents stock\u00e9s en ligne directement sur son poste de travail.<\/p>\n\n\n\n<p>Il est \u00e9galement possible de partager des fichiers ou des dossiers avec d\u2019autres utilisateurs, qu\u2019ils soient membres de l\u2019universit\u00e9 ou ext\u00e9rieurs.<\/p>\n\n\n\n<p><\/p>\n","protected":false},"excerpt":{"rendered":"<p>https:\/\/drive.ens.math-info.univ-paris5.fr Ce service vous permet un stockage en ligne de vos fichiers. Il permet un acc\u00e8s permanent \u00e0 ces fichiers depuis n\u2019importe quel appareil connect\u00e9 \u00e0 Internet. La synchronisation permet de travailler sur ses&#46;&#46;&#46;<\/p>\n","protected":false},"author":1,"featured_media":0,"parent":0,"menu_order":0,"comment_status":"closed","ping_status":"closed","template":"","meta":{"footnotes":""},"_links":{"self":[{"href":"https:\/\/www.ens.math-info.univ-paris5.fr\/index.php?rest_route=\/wp\/v2\/pages\/362"}],"collection":[{"href":"https:\/\/www.ens.math-info.univ-paris5.fr\/index.php?rest_route=\/wp\/v2\/pages"}],"about":[{"href":"https:\/\/www.ens.math-info.univ-paris5.fr\/index.php?rest_route=\/wp\/v2\/types\/page"}],"author":[{"embeddable":true,"href":"https:\/\/www.ens.math-info.univ-paris5.fr\/index.php?rest_route=\/wp\/v2\/users\/1"}],"replies":[{"embeddable":true,"href":"https:\/\/www.ens.math-info.univ-paris5.fr\/index.php?rest_route=%2Fwp%2Fv2%2Fcomments&post=362"}],"version-history":[{"count":2,"href":"https:\/\/www.ens.math-info.univ-paris5.fr\/index.php?rest_route=\/wp\/v2\/pages\/362\/revisions"}],"predecessor-version":[{"id":368,"href":"https:\/\/www.ens.math-info.univ-paris5.fr\/index.php?rest_route=\/wp\/v2\/pages\/362\/revisions\/368"}],"wp:attachment":[{"href":"https:\/\/www.ens.math-info.univ-paris5.fr\/index.php?rest_route=%2Fwp%2Fv2%2Fmedia&parent=362"}],"curies":[{"name":"wp","href":"https:\/\/api.w.org\/{rel}","templated":true}]}}