{"id":301,"date":"2019-08-29T08:26:44","date_gmt":"2019-08-29T08:26:44","guid":{"rendered":"http:\/\/www.ens.math-info.univ-paris5.fr\/?page_id=301"},"modified":"2022-01-21T12:40:55","modified_gmt":"2022-01-21T12:40:55","slug":"salles-de-tp","status":"publish","type":"page","link":"https:\/\/www.ens.math-info.univ-paris5.fr\/?page_id=301","title":{"rendered":"Salles de Tp"},"content":{"rendered":"\n<h3 class=\"wp-block-heading\" id=\"salles_tp\">Salles TP<\/h3>\n\n\n\n<p>Les salles informatiques sont install\u00e9es au cinqui\u00e8me et septi\u00e8me \u00e9tage du centre universitaire des Saint P\u00e8res. L&#8217;UFR de math\u00e9matiques et d&#8217;informatique  disposent de 9 salles :<br>Cinqui\u00e8me \u00e9tage 523a1, 523a2, 526, 527, 529, 530, 542 et 543.<br>Septi\u00e8me: 704i, 704j<\/p>\n\n\n\n<p>L&#8217;acc\u00e8s aux ordinateurs se fait&nbsp;<strong>avec authentification<\/strong>.  <\/p>\n\n\n\n<p>Les ordinateurs sont \u00e9quip\u00e9s exclusivement du syst\u00e8me d&#8217;exploitation Linux.<\/p>\n\n\n\n<p>Vous pouvez acc\u00e9der aux service offerts par l&#8217;ufr <a href=\"http:\/\/www.ens.math-info.univ-paris5.fr\/?page_id=135\">ici<\/a>:<\/p>\n","protected":false},"excerpt":{"rendered":"<p>Salles TP Les salles informatiques sont install\u00e9es au cinqui\u00e8me et septi\u00e8me \u00e9tage du centre universitaire des Saint P\u00e8res. L&#8217;UFR de math\u00e9matiques et d&#8217;informatique disposent de 9 salles :Cinqui\u00e8me \u00e9tage 523a1, 523a2, 526, 527, 529,&#46;&#46;&#46;<\/p>\n","protected":false},"author":1,"featured_media":0,"parent":0,"menu_order":0,"comment_status":"closed","ping_status":"closed","template":"","meta":{"footnotes":""},"_links":{"self":[{"href":"https:\/\/www.ens.math-info.univ-paris5.fr\/index.php?rest_route=\/wp\/v2\/pages\/301"}],"collection":[{"href":"https:\/\/www.ens.math-info.univ-paris5.fr\/index.php?rest_route=\/wp\/v2\/pages"}],"about":[{"href":"https:\/\/www.ens.math-info.univ-paris5.fr\/index.php?rest_route=\/wp\/v2\/types\/page"}],"author":[{"embeddable":true,"href":"https:\/\/www.ens.math-info.univ-paris5.fr\/index.php?rest_route=\/wp\/v2\/users\/1"}],"replies":[{"embeddable":true,"href":"https:\/\/www.ens.math-info.univ-paris5.fr\/index.php?rest_route=%2Fwp%2Fv2%2Fcomments&post=301"}],"version-history":[{"count":5,"href":"https:\/\/www.ens.math-info.univ-paris5.fr\/index.php?rest_route=\/wp\/v2\/pages\/301\/revisions"}],"predecessor-version":[{"id":374,"href":"https:\/\/www.ens.math-info.univ-paris5.fr\/index.php?rest_route=\/wp\/v2\/pages\/301\/revisions\/374"}],"wp:attachment":[{"href":"https:\/\/www.ens.math-info.univ-paris5.fr\/index.php?rest_route=%2Fwp%2Fv2%2Fmedia&parent=301"}],"curies":[{"name":"wp","href":"https:\/\/api.w.org\/{rel}","templated":true}]}}